
What is the hundred thousands digit of 449312434?
3
What is the tens digit of 111751949?
4
What is the millions digit of 101365258?
1
What is the thousands digit of 940974366?
4
What is the thousands digit of 727058186?
8
What is the millions digit of 5613976172?
3
What is the billions digit of 6289968654?
6
What is the millions digit of 2513261084?
3
What is the hundreds digit of 613136416?
4
What is the hundred millions digit of 312819121?
3
What is the hundred thousands digit of 317926758?
9
What is the ten millions digit of 194128849?
9
What is the hundred millions digit of 613298850?
6
What is the hundred thousands digit of 211941203?
9
What is the ten thousands digit of 129178538?
7
What is the hundred thousands digit of 2610089602?
0
What is the hundred thousands digit of 227513936?
5
What is the hundred thousands digit of 35273199?
2
What is the millions digit of 787912516?
7
What is the millions digit of 194081165?
4
What is the hundreds digit of 43446240?
2
What is the tens digit of 289800252?
5
What is the ten thousands digit of 634454661?
5
What is the hundred millions digit of 388580807?
3
What is the tens digit of 109921940?
4
What is the hundreds digit of 684103494?
4
What is the ten millions digit of 250806051?
5
What is the hundred thousands digit of 1757934884?
9
What is the thousands digit of 234507473?
7
What is the thousands digit of 413954427?
4
What is the ten thousands digit of 106905791?
0
What is the thousands digit of 69594573?
4
What is the hundreds digit of 165780506?
5
What is the tens digit of 4037334101?
0
What is the millions digit of 95379873?
5
What is the tens digit of 1852026?
2
What is the ten thousands digit of 4884962769?
6
What is the units digit of 1437408102?
2
What is the hundred thousands digit of 4538684957?
6
What is the millions digit of 50088175?
0
What is the ten thousands digit of 40000108?
0
What is the units digit of 55002784?
4
What is the hundreds digit of 40776867?
8
What is the ten millions digit of 1162791574?
6
What is the millions digit of 89519707?
9
What is the tens digit of 726751295?
9
What is the billions digit of 2425287361?
2
What is the ten thousands digit of 94600917?
0
What is the tens digit of 1473030424?
2
What is the units digit of 320828859?
9
What is the millions digit of 16296363?
6
What is the millions digit of 961417776?
1
What is the ten thousands digit of 334172349?
7
What is the hundred thousands digit of 450268319?
2
What is the ten thousands digit of 16089796?
8
What is the ten millions digit of 26993337?
2
What is the hundreds digit of 1241018646?
6
What is the hundred thousands digit of 61396921?
3
What is the billions digit of 4974665679?
4
What is the tens digit of 1067999702?
0
What is the hundreds digit of 214464773?
7
What is the thousands digit of 56496388?
6
What is the hundred thousands digit of 278180902?
1
What is the hundred thousands digit of 13571586?
5
What is the ten millions digit of 48375076?
4
What is the thousands digit of 8687953?
7
What is the ten millions digit of 5053949217?
5
What is the tens digit of 87525041?
4
What is the hundreds digit of 198861966?
9
What is the hundreds digit of 82677815?
8
What is the tens digit of 518966282?
8
What is the units digit of 33339440?
0
What is the millions digit of 317286981?
7
What is the ten millions digit of 57202671?
5
What is the units digit of 348917938?
8
What is the millions digit of 1695225873?
5
What is the ten millions digit of 36694952?
3
What is the hundreds digit of 366710170?
1
What is the thousands digit of 954664060?
4
What is the thousands digit of 417378234?
8
What is the tens digit of 95208183?
8
What is the hundreds digit of 2314677505?
5
What is the ten thousands digit of 31866513?
6
What is the ten thousands digit of 375416408?
1
What is the ten thousands digit of 2791240002?
4
What is the units digit of 20425380?
0
What is the tens digit of 163398265?
6
What is the tens digit of 8222344617?
1
What is the hundred thousands digit of 526825918?
8
What is the units digit of 34790872?
2
What is the thousands digit of 2293839875?
9
What is the hundreds digit of 1686461341?
3
What is the units digit of 53921403?
3
What is the thousands digit of 562589451?
9
What is the millions digit of 975453147?
5
What is the ten millions digit of 4915836922?
1
What is the hundreds digit of 108159884?
8
What is the ten thousands digit of 27241697?
4
What is the billions digit of 1404280918?
1
What is the units digit of 2684322685?
5
What is the hundreds digit of 1465912130?
1
What is the ten thousands digit of 23874843?
7
What is the thousands digit of 2991758757?
8
What is the ten thousands digit of 2960342548?
4
What is the thousands digit of 170199393?
9
What is the thousands digit of 18764227?
4
What is the hundreds digit of 335618831?
8
What is the tens digit of 72116625?
2
What is the millions digit of 211863303?
1
What is the thousands digit of 244666119?
6
What is the millions digit of 189798575?
9
What is the ten millions digit of 1238003921?
3
What is the ten millions digit of 71259772?
7
What is the hundred millions digit of 3313330594?
3
What is the ten millions digit of 54659330?
5
What is the hundreds digit of 585584116?
1
What is the thousands digit of 2796757741?
7
What is the billions digit of 3807059270?
3
What is the hundred thousands digit of 176498643?
4
What is the ten millions digit of 1324278999?
2
What is the ten millions digit of 123233631?
2
What is the units digit of 1414868?
8
What is the tens digit of 27771690?
9
What is the units digit of 87386147?
7
What is the ten millions digit of 99515083?
9
What is the hundred thousands digit of 143664002?
6
What is the ten millions digit of 682472025?
8
What is the units digit of 1660295435?
5
What is the ten thousands digit of 1380928262?
2
What is the tens digit of 178838347?
4
What is the tens digit of 218865399?
9
What is the units digit of 385108488?
8
What is the ten millions digit of 5931817931?
3
What is the ten thousands digit of 99757104?
5
What is the hundred thousands digit of 311286440?
2
What is the tens digit of 28382907?
0
What is the hundred millions digit of 779513175?
7
What is the hundreds digit of 231867573?
5
What is the hundred millions digit of 283405708?
2
What is the thousands digit of 159580872?
0
What is the units digit of 348630389?
9
What is the hundreds digit of 18954443?
4
What is the tens digit of 42845818?
1
What is the ten thousands digit of 274404985?
0
What is the ten millions digit of 128817785?
2
What is the hundreds digit of 30193189?
1
What is the units digit of 487757537?
7
What is the ten millions digit of 89176687?
8
What is the units digit of 100272826?
6
What is the ten millions digit of 1563978283?
6
What is the billions digit of 2030114963?
2
What is the thousands digit of 606666390?
6
What is the millions digit of 1764095140?
4
What is the tens digit of 4066934057?
5
What is the units digit of 81343113?
3
What is the ten thousands digit of 68270652?
7
What is the units digit of 74895077?
7
What is the hundred thousands digit of 2247701346?
7
What is the ten thousands digit of 1027327981?
2
What is the millions digit of 7579943134?
9
What is the hundred thousands digit of 49261219?
2
What is the hundred millions digit of 592529413?
5
What is the hundred millions digit of 145351137?
1
What is the ten thousands digit of 29009924?
0
What is the units digit of 226348086?
6
What is the hundreds digit of 226382589?
5
What is the units digit of 6578901543?
3
What is the thousands digit of 1408701835?
1
What is the hundreds digit of 77266605?
6
What is the ten millions digit of 13697335?
1
What is the hundreds digit of 1451240293?
2
What is the tens digit of 325469774?
7
What is the ten thousands digit of 13958769?
5
What is the units digit of 53032496?
6
What is the ten thousands digit of 327026549?
2
What is the hundred thousands digit of 185602993?
6
What is the hundred thousands digit of 317150733?
1
What is the ten millions digit of 169221756?
6
What is the hundred millions digit of 165112115?
1
What is the hundred millions digit of 177732562?
1
What is the ten thousands digit of 55947367?
4
What is the hundred thousands digit of 2056546565?
5
What is the ten thousands digit of